{"id":3233,"date":"2022-12-10T16:42:14","date_gmt":"2022-12-10T16:42:14","guid":{"rendered":"https:\/\/www.lausinyvicente.com\/non class\u00e9\/protection-pour-colonne-section-ronde\/"},"modified":"2022-12-10T16:42:14","modified_gmt":"2022-12-10T16:42:14","slug":"protection-colonne-section-ronde","status":"publish","type":"product","link":"https:\/\/www.lausinyvicente.com\/fr\/mobilier-de-sport\/protection\/protection-colonne-section-ronde","title":{"rendered":"Protection pour colonne section ronde"},"content":{"rendered":"","protected":false},"excerpt":{"rendered":"<p>Protection pour colonne en toile plastifi\u00e9e enduite de PVC et garnie de mousse de polyur\u00e9thane de diff\u00e9rentes densit\u00e9s en fonction des besoins de protection. Fermeture \u00e9clair pour faciliter le remplacement de la mousse. Le syst\u00e8me de fixation est par velcro ou cordon \u00e9lastique avec \u0153illets. Les protections peuvent \u00eatre fabriqu\u00e9es dans diff\u00e9rentes couleurs de base. (Bleu, vert, rouge, jaune, orange et noir). Fabrication sur mesure. Demande de devis.      <\/p>\n","protected":false},"featured_media":2994,"template":"","meta":[],"product_cat":[94,97],"product_tag":[],"class_list":{"0":"post-3233","1":"product","2":"type-product","3":"status-publish","4":"has-post-thumbnail","6":"product_cat-mobilier-de-sport","7":"product_cat-protection","9":"first","10":"instock","11":"shipping-taxable","12":"purchasable","13":"product-type-simple"},"yoast_head":"<!-- This site is optimized with the Yoast SEO plugin v27.0 - https:\/\/yoast.com\/product\/yoast-seo-wordpress\/ -->\n<title>Protection pour colonne section ronde - Laus\u00edn y Vicente<\/title>\n<meta name=\"robots\" content=\"index, follow, max-snippet:-1, max-image-preview:large, max-video-preview:-1\" \/>\n<link rel=\"canonical\" href=\"https:\/\/www.lausinyvicente.com\/fr\/mobilier-de-sport\/protection\/protection-colonne-section-ronde\" \/>\n<meta property=\"og:locale\" content=\"fr_FR\" \/>\n<meta property=\"og:type\" content=\"article\" \/>\n<meta property=\"og:title\" content=\"Protection pour colonne section ronde - Laus\u00edn y Vicente\" \/>\n<meta property=\"og:description\" content=\"Protection pour colonne en toile plastifi\u00e9e enduite de PVC et garnie de mousse de polyur\u00e9thane de diff\u00e9rentes densit\u00e9s en fonction des besoins de protection. Fermeture \u00e9clair pour faciliter le remplacement de la mousse. Le syst\u00e8me de fixation est par velcro ou cordon \u00e9lastique avec \u0153illets. Les protections peuvent \u00eatre fabriqu\u00e9es dans diff\u00e9rentes couleurs de base. (Bleu, vert, rouge, jaune, orange et noir). Fabrication sur mesure. Demande de devis.\" \/>\n<meta property=\"og:url\" content=\"https:\/\/www.lausinyvicente.com\/fr\/mobilier-de-sport\/protection\/protection-colonne-section-ronde\" \/>\n<meta property=\"og:site_name\" content=\"Laus\u00edn y Vicente\" \/>\n<meta property=\"og:image\" content=\"https:\/\/www.lausinyvicente.com\/wp-content\/uploads\/2022\/12\/M.98.01-protector-columna-seccion-redonda.jpg\" \/>\n\t<meta property=\"og:image:width\" content=\"720\" \/>\n\t<meta property=\"og:image:height\" content=\"490\" \/>\n\t<meta property=\"og:image:type\" content=\"image\/jpeg\" \/>\n<meta name=\"twitter:card\" content=\"summary_large_image\" \/>\n<script type=\"application\/ld+json\" class=\"yoast-schema-graph\">{\"@context\":\"https:\/\/schema.org\",\"@graph\":[{\"@type\":\"WebPage\",\"@id\":\"https:\/\/www.lausinyvicente.com\/fr\/mobilier-de-sport\/protection\/protection-colonne-section-ronde\",\"url\":\"https:\/\/www.lausinyvicente.com\/fr\/mobilier-de-sport\/protection\/protection-colonne-section-ronde\",\"name\":\"Protection pour colonne section ronde - Laus\u00edn y Vicente\",\"isPartOf\":{\"@id\":\"https:\/\/www.lausinyvicente.com\/#website\"},\"primaryImageOfPage\":{\"@id\":\"https:\/\/www.lausinyvicente.com\/fr\/mobilier-de-sport\/protection\/protection-colonne-section-ronde#primaryimage\"},\"image\":{\"@id\":\"https:\/\/www.lausinyvicente.com\/fr\/mobilier-de-sport\/protection\/protection-colonne-section-ronde#primaryimage\"},\"thumbnailUrl\":\"https:\/\/www.lausinyvicente.com\/wp-content\/uploads\/2022\/12\/M.98.01-protector-columna-seccion-redonda.jpg\",\"datePublished\":\"2022-12-10T16:42:14+00:00\",\"breadcrumb\":{\"@id\":\"https:\/\/www.lausinyvicente.com\/fr\/mobilier-de-sport\/protection\/protection-colonne-section-ronde#breadcrumb\"},\"inLanguage\":\"fr-FR\",\"potentialAction\":[{\"@type\":\"ReadAction\",\"target\":[\"https:\/\/www.lausinyvicente.com\/fr\/mobilier-de-sport\/protection\/protection-colonne-section-ronde\"]}]},{\"@type\":\"ImageObject\",\"inLanguage\":\"fr-FR\",\"@id\":\"https:\/\/www.lausinyvicente.com\/fr\/mobilier-de-sport\/protection\/protection-colonne-section-ronde#primaryimage\",\"url\":\"https:\/\/www.lausinyvicente.com\/wp-content\/uploads\/2022\/12\/M.98.01-protector-columna-seccion-redonda.jpg\",\"contentUrl\":\"https:\/\/www.lausinyvicente.com\/wp-content\/uploads\/2022\/12\/M.98.01-protector-columna-seccion-redonda.jpg\",\"width\":720,\"height\":490},{\"@type\":\"BreadcrumbList\",\"@id\":\"https:\/\/www.lausinyvicente.com\/fr\/mobilier-de-sport\/protection\/protection-colonne-section-ronde#breadcrumb\",\"itemListElement\":[{\"@type\":\"ListItem\",\"position\":1,\"name\":\"Portada\",\"item\":\"https:\/\/www.lausinyvicente.com\/\"},{\"@type\":\"ListItem\",\"position\":2,\"name\":\"Boutique\",\"item\":\"https:\/\/www.lausinyvicente.com\/fr\/boutique\"},{\"@type\":\"ListItem\",\"position\":3,\"name\":\"Protection pour colonne section ronde\"}]},{\"@type\":\"WebSite\",\"@id\":\"https:\/\/www.lausinyvicente.com\/#website\",\"url\":\"https:\/\/www.lausinyvicente.com\/\",\"name\":\"Laus\u00edn y Vicente\",\"description\":\"Fabricaci\u00f3n y distribuci\u00f3n de material deportivo\",\"potentialAction\":[{\"@type\":\"SearchAction\",\"target\":{\"@type\":\"EntryPoint\",\"urlTemplate\":\"https:\/\/www.lausinyvicente.com\/?s={search_term_string}\"},\"query-input\":{\"@type\":\"PropertyValueSpecification\",\"valueRequired\":true,\"valueName\":\"search_term_string\"}}],\"inLanguage\":\"fr-FR\"}]}<\/script>\n<!-- \/ Yoast SEO plugin. -->","yoast_head_json":{"title":"Protection pour colonne section ronde - Laus\u00edn y Vicente","robots":{"index":"index","follow":"follow","max-snippet":"max-snippet:-1","max-image-preview":"max-image-preview:large","max-video-preview":"max-video-preview:-1"},"canonical":"https:\/\/www.lausinyvicente.com\/fr\/mobilier-de-sport\/protection\/protection-colonne-section-ronde","og_locale":"fr_FR","og_type":"article","og_title":"Protection pour colonne section ronde - Laus\u00edn y Vicente","og_description":"Protection pour colonne en toile plastifi\u00e9e enduite de PVC et garnie de mousse de polyur\u00e9thane de diff\u00e9rentes densit\u00e9s en fonction des besoins de protection. Fermeture \u00e9clair pour faciliter le remplacement de la mousse. Le syst\u00e8me de fixation est par velcro ou cordon \u00e9lastique avec \u0153illets. Les protections peuvent \u00eatre fabriqu\u00e9es dans diff\u00e9rentes couleurs de base. (Bleu, vert, rouge, jaune, orange et noir). Fabrication sur mesure. Demande de devis.","og_url":"https:\/\/www.lausinyvicente.com\/fr\/mobilier-de-sport\/protection\/protection-colonne-section-ronde","og_site_name":"Laus\u00edn y Vicente","og_image":[{"width":720,"height":490,"url":"https:\/\/www.lausinyvicente.com\/wp-content\/uploads\/2022\/12\/M.98.01-protector-columna-seccion-redonda.jpg","type":"image\/jpeg"}],"twitter_card":"summary_large_image","schema":{"@context":"https:\/\/schema.org","@graph":[{"@type":"WebPage","@id":"https:\/\/www.lausinyvicente.com\/fr\/mobilier-de-sport\/protection\/protection-colonne-section-ronde","url":"https:\/\/www.lausinyvicente.com\/fr\/mobilier-de-sport\/protection\/protection-colonne-section-ronde","name":"Protection pour colonne section ronde - Laus\u00edn y Vicente","isPartOf":{"@id":"https:\/\/www.lausinyvicente.com\/#website"},"primaryImageOfPage":{"@id":"https:\/\/www.lausinyvicente.com\/fr\/mobilier-de-sport\/protection\/protection-colonne-section-ronde#primaryimage"},"image":{"@id":"https:\/\/www.lausinyvicente.com\/fr\/mobilier-de-sport\/protection\/protection-colonne-section-ronde#primaryimage"},"thumbnailUrl":"https:\/\/www.lausinyvicente.com\/wp-content\/uploads\/2022\/12\/M.98.01-protector-columna-seccion-redonda.jpg","datePublished":"2022-12-10T16:42:14+00:00","breadcrumb":{"@id":"https:\/\/www.lausinyvicente.com\/fr\/mobilier-de-sport\/protection\/protection-colonne-section-ronde#breadcrumb"},"inLanguage":"fr-FR","potentialAction":[{"@type":"ReadAction","target":["https:\/\/www.lausinyvicente.com\/fr\/mobilier-de-sport\/protection\/protection-colonne-section-ronde"]}]},{"@type":"ImageObject","inLanguage":"fr-FR","@id":"https:\/\/www.lausinyvicente.com\/fr\/mobilier-de-sport\/protection\/protection-colonne-section-ronde#primaryimage","url":"https:\/\/www.lausinyvicente.com\/wp-content\/uploads\/2022\/12\/M.98.01-protector-columna-seccion-redonda.jpg","contentUrl":"https:\/\/www.lausinyvicente.com\/wp-content\/uploads\/2022\/12\/M.98.01-protector-columna-seccion-redonda.jpg","width":720,"height":490},{"@type":"BreadcrumbList","@id":"https:\/\/www.lausinyvicente.com\/fr\/mobilier-de-sport\/protection\/protection-colonne-section-ronde#breadcrumb","itemListElement":[{"@type":"ListItem","position":1,"name":"Portada","item":"https:\/\/www.lausinyvicente.com\/"},{"@type":"ListItem","position":2,"name":"Boutique","item":"https:\/\/www.lausinyvicente.com\/fr\/boutique"},{"@type":"ListItem","position":3,"name":"Protection pour colonne section ronde"}]},{"@type":"WebSite","@id":"https:\/\/www.lausinyvicente.com\/#website","url":"https:\/\/www.lausinyvicente.com\/","name":"Laus\u00edn y Vicente","description":"Fabricaci\u00f3n y distribuci\u00f3n de material deportivo","potentialAction":[{"@type":"SearchAction","target":{"@type":"EntryPoint","urlTemplate":"https:\/\/www.lausinyvicente.com\/?s={search_term_string}"},"query-input":{"@type":"PropertyValueSpecification","valueRequired":true,"valueName":"search_term_string"}}],"inLanguage":"fr-FR"}]}},"_links":{"self":[{"href":"https:\/\/www.lausinyvicente.com\/fr\/wp-json\/wp\/v2\/product\/3233","targetHints":{"allow":["GET"]}}],"collection":[{"href":"https:\/\/www.lausinyvicente.com\/fr\/wp-json\/wp\/v2\/product"}],"about":[{"href":"https:\/\/www.lausinyvicente.com\/fr\/wp-json\/wp\/v2\/types\/product"}],"wp:featuredmedia":[{"embeddable":true,"href":"https:\/\/www.lausinyvicente.com\/fr\/wp-json\/wp\/v2\/media\/2994"}],"wp:attachment":[{"href":"https:\/\/www.lausinyvicente.com\/fr\/wp-json\/wp\/v2\/media?parent=3233"}],"wp:term":[{"taxonomy":"product_cat","embeddable":true,"href":"https:\/\/www.lausinyvicente.com\/fr\/wp-json\/wp\/v2\/product_cat?post=3233"},{"taxonomy":"product_tag","embeddable":true,"href":"https:\/\/www.lausinyvicente.com\/fr\/wp-json\/wp\/v2\/product_tag?post=3233"}],"curies":[{"name":"wp","href":"https:\/\/api.w.org\/{rel}","templated":true}]}}

https://www.lausinyvicente.com/non classé/protection-pour-colonne-section-ronde/

<p>Protection pour colonne en toile plastifiée enduite de PVC et garnie de mousse de polyuréthane de différentes densités en fonction des besoins de protection. Fermeture éclair pour faciliter le remplacement de la mousse. Le système de fixation est par velcro ou cordon élastique avec œillets. Les protections peuvent être fabriquées dans différentes couleurs de base. (Bleu, vert, rouge, jaune, orange et noir). Fabrication sur mesure. Demande de devis.      </p>

<!-- This site is optimized with the Yoast SEO plugin v27.0 - https://yoast.com/product/yoast-seo-wordpress/ -->
<title>Protection pour colonne section ronde - Lausín y Vicente</title>
<meta name="robots" content="index, follow, max-snippet:-1, max-image-preview:large, max-video-preview:-1" />
<link rel="canonical" href="https://www.lausinyvicente.com/fr/mobilier-de-sport/protection/protection-colonne-section-ronde" />
<meta property="og:locale" content="fr_FR" />
<meta property="og:type" content="article" />
<meta property="og:title" content="Protection pour colonne section ronde - Lausín y Vicente" />
<meta property="og:description" content="Protection pour colonne en toile plastifiée enduite de PVC et garnie de mousse de polyuréthane de différentes densités en fonction des besoins de protection. Fermeture éclair pour faciliter le remplacement de la mousse. Le système de fixation est par velcro ou cordon élastique avec œillets. Les protections peuvent être fabriquées dans différentes couleurs de base. (Bleu, vert, rouge, jaune, orange et noir). Fabrication sur mesure. Demande de devis." />
<meta property="og:url" content="https://www.lausinyvicente.com/fr/mobilier-de-sport/protection/protection-colonne-section-ronde" />
<meta property="og:site_name" content="Lausín y Vicente" />
<meta property="og:image" content="https://www.lausinyvicente.com/wp-content/uploads/2022/12/M.98.01-protector-columna-seccion-redonda.jpg" />
	<meta property="og:image:width" content="720" />
	<meta property="og:image:height" content="490" />
	<meta property="og:image:type" content="image/jpeg" />
<meta name="twitter:card" content="summary_large_image" />
<script type="application/ld+json" class="yoast-schema-graph">{"@context":"https://schema.org","@graph":[{"@type":"WebPage","@id":"https://www.lausinyvicente.com/fr/mobilier-de-sport/protection/protection-colonne-section-ronde","url":"https://www.lausinyvicente.com/fr/mobilier-de-sport/protection/protection-colonne-section-ronde","name":"Protection pour colonne section ronde - Lausín y Vicente","isPartOf":{"@id":"https://www.lausinyvicente.com/#website"},"primaryImageOfPage":{"@id":"https://www.lausinyvicente.com/fr/mobilier-de-sport/protection/protection-colonne-section-ronde#primaryimage"},"image":{"@id":"https://www.lausinyvicente.com/fr/mobilier-de-sport/protection/protection-colonne-section-ronde#primaryimage"},"thumbnailUrl":"https://www.lausinyvicente.com/wp-content/uploads/2022/12/M.98.01-protector-columna-seccion-redonda.jpg","datePublished":"2022-12-10T16:42:14+00:00","breadcrumb":{"@id":"https://www.lausinyvicente.com/fr/mobilier-de-sport/protection/protection-colonne-section-ronde#breadcrumb"},"inLanguage":"fr-FR","potentialAction":[{"@type":"ReadAction","target":["https://www.lausinyvicente.com/fr/mobilier-de-sport/protection/protection-colonne-section-ronde"]}]},{"@type":"ImageObject","inLanguage":"fr-FR","@id":"https://www.lausinyvicente.com/fr/mobilier-de-sport/protection/protection-colonne-section-ronde#primaryimage","url":"https://www.lausinyvicente.com/wp-content/uploads/2022/12/M.98.01-protector-columna-seccion-redonda.jpg","contentUrl":"https://www.lausinyvicente.com/wp-content/uploads/2022/12/M.98.01-protector-columna-seccion-redonda.jpg","width":720,"height":490},{"@type":"BreadcrumbList","@id":"https://www.lausinyvicente.com/fr/mobilier-de-sport/protection/protection-colonne-section-ronde#breadcrumb","itemListElement":[{"@type":"ListItem","position":1,"name":"Portada","item":"https://www.lausinyvicente.com/"},{"@type":"ListItem","position":2,"name":"Boutique","item":"https://www.lausinyvicente.com/fr/boutique"},{"@type":"ListItem","position":3,"name":"Protection pour colonne section ronde"}]},{"@type":"WebSite","@id":"https://www.lausinyvicente.com/#website","url":"https://www.lausinyvicente.com/","name":"Lausín y Vicente","description":"Fabricación y distribución de material deportivo","potentialAction":[{"@type":"SearchAction","target":{"@type":"EntryPoint","urlTemplate":"https://www.lausinyvicente.com/?s={search_term_string}"},"query-input":{"@type":"PropertyValueSpecification","valueRequired":true,"valueName":"search_term_string"}}],"inLanguage":"fr-FR"}]}</script>
<!-- / Yoast SEO plugin. -->

Protection pour colonne section ronde - Lausín y Vicente

Protection pour colonne en toile plastifiée enduite de PVC et garnie de mousse de polyuréthane de différentes densités en fonction des besoins de protection. Fermeture éclair pour faciliter le remplacement de la mousse. Le système de fixation est par velcro ou cordon élastique avec œillets. Les protections peuvent être fabriquées dans différentes couleurs de base. (Bleu, vert, rouge, jaune, orange et noir). Fabrication sur mesure. Demande de devis.

Lausín y Vicente

Fabricación y distribución de material deportivo
