{"id":3621,"date":"2022-12-10T13:21:19","date_gmt":"2022-12-10T13:21:19","guid":{"rendered":"https:\/\/www.lausinyvicente.com\/non class\u00e9\/minitramp-modele-zgz\/"},"modified":"2022-12-10T13:21:19","modified_gmt":"2022-12-10T13:21:19","slug":"minitramp-modele-zgz","status":"publish","type":"product","link":"https:\/\/www.lausinyvicente.com\/fr\/equipement-gymnastique\/mini-tramps\/minitramp-modele-zgz","title":{"rendered":"Minitramp mod\u00e8le \u201cZGZ\u201d"},"content":{"rendered":"","protected":false},"excerpt":{"rendered":"<p>Fabriqu\u00e9 selon normes europ\u00e9ennes EN 13219. Structure m\u00e9tallique galvanis\u00e9e \u00e0 froid form\u00e9e para cadre carr\u00e9 et pattes en tube rond de 32mm de diam\u00e8tre et 2,00 mm d\u2019\u00e9paisseur. Les pattes sont pourvues d\u2019appui antid\u00e9rapant et syst\u00e8me t\u00e9lescopique pour le r\u00e9glage en hauteur, gr\u00e2ce un vis Allen. (Cl\u00e9 Allen fournie).Toile en nylon de 60&#215;60 cm avec anneaux m\u00e9talliques pour la fixation des sandows de 11 mm ou ressort. Protecteur fabriqu\u00e9 en mousse recouverte de toile plastifi\u00e9e bleue avec sandows de 6mm pour fixation de la toile centrale. Dimensions: 112 x 112 cm.     <\/p>\n","protected":false},"featured_media":2860,"template":"","meta":[],"product_cat":[111,120],"product_tag":[],"class_list":{"0":"post-3621","1":"product","2":"type-product","3":"status-publish","4":"has-post-thumbnail","6":"product_cat-equipement-gymnastique","7":"product_cat-mini-tramps","9":"first","10":"instock","11":"shipping-taxable","12":"purchasable","13":"product-type-variable"},"yoast_head":"<!-- This site is optimized with the Yoast SEO plugin v27.0 - https:\/\/yoast.com\/product\/yoast-seo-wordpress\/ -->\n<title>Minitramp mod\u00e8le \u201cZGZ\u201d - Laus\u00edn y Vicente<\/title>\n<meta name=\"robots\" content=\"index, follow, max-snippet:-1, max-image-preview:large, max-video-preview:-1\" \/>\n<link rel=\"canonical\" href=\"https:\/\/www.lausinyvicente.com\/fr\/equipement-gymnastique\/mini-tramps\/minitramp-modele-zgz\" \/>\n<meta property=\"og:locale\" content=\"fr_FR\" \/>\n<meta property=\"og:type\" content=\"article\" \/>\n<meta property=\"og:title\" content=\"Minitramp mod\u00e8le \u201cZGZ\u201d - Laus\u00edn y Vicente\" \/>\n<meta property=\"og:description\" content=\"Fabriqu\u00e9 selon normes europ\u00e9ennes EN 13219. Structure m\u00e9tallique galvanis\u00e9e \u00e0 froid form\u00e9e para cadre carr\u00e9 et pattes en tube rond de 32mm de diam\u00e8tre et 2,00 mm d\u2019\u00e9paisseur. Les pattes sont pourvues d\u2019appui antid\u00e9rapant et syst\u00e8me t\u00e9lescopique pour le r\u00e9glage en hauteur, gr\u00e2ce un vis Allen. (Cl\u00e9 Allen fournie).Toile en nylon de 60x60 cm avec anneaux m\u00e9talliques pour la fixation des sandows de 11 mm ou ressort. Protecteur fabriqu\u00e9 en mousse recouverte de toile plastifi\u00e9e bleue avec sandows de 6mm pour fixation de la toile centrale. Dimensions: 112 x 112 cm.\" \/>\n<meta property=\"og:url\" content=\"https:\/\/www.lausinyvicente.com\/fr\/equipement-gymnastique\/mini-tramps\/minitramp-modele-zgz\" \/>\n<meta property=\"og:site_name\" content=\"Laus\u00edn y Vicente\" \/>\n<meta property=\"og:image\" content=\"https:\/\/www.lausinyvicente.com\/wp-content\/uploads\/2022\/12\/G.25.080-minitramp-modelo-zgz.jpg\" \/>\n\t<meta property=\"og:image:width\" content=\"720\" \/>\n\t<meta property=\"og:image:height\" content=\"490\" \/>\n\t<meta property=\"og:image:type\" content=\"image\/jpeg\" \/>\n<meta name=\"twitter:card\" content=\"summary_large_image\" \/>\n<script type=\"application\/ld+json\" class=\"yoast-schema-graph\">{\"@context\":\"https:\/\/schema.org\",\"@graph\":[{\"@type\":\"WebPage\",\"@id\":\"https:\/\/www.lausinyvicente.com\/fr\/equipement-gymnastique\/mini-tramps\/minitramp-modele-zgz\",\"url\":\"https:\/\/www.lausinyvicente.com\/fr\/equipement-gymnastique\/mini-tramps\/minitramp-modele-zgz\",\"name\":\"Minitramp mod\u00e8le \u201cZGZ\u201d - Laus\u00edn y Vicente\",\"isPartOf\":{\"@id\":\"https:\/\/www.lausinyvicente.com\/#website\"},\"primaryImageOfPage\":{\"@id\":\"https:\/\/www.lausinyvicente.com\/fr\/equipement-gymnastique\/mini-tramps\/minitramp-modele-zgz#primaryimage\"},\"image\":{\"@id\":\"https:\/\/www.lausinyvicente.com\/fr\/equipement-gymnastique\/mini-tramps\/minitramp-modele-zgz#primaryimage\"},\"thumbnailUrl\":\"https:\/\/www.lausinyvicente.com\/wp-content\/uploads\/2022\/12\/G.25.080-minitramp-modelo-zgz.jpg\",\"datePublished\":\"2022-12-10T13:21:19+00:00\",\"breadcrumb\":{\"@id\":\"https:\/\/www.lausinyvicente.com\/fr\/equipement-gymnastique\/mini-tramps\/minitramp-modele-zgz#breadcrumb\"},\"inLanguage\":\"fr-FR\",\"potentialAction\":[{\"@type\":\"ReadAction\",\"target\":[\"https:\/\/www.lausinyvicente.com\/fr\/equipement-gymnastique\/mini-tramps\/minitramp-modele-zgz\"]}]},{\"@type\":\"ImageObject\",\"inLanguage\":\"fr-FR\",\"@id\":\"https:\/\/www.lausinyvicente.com\/fr\/equipement-gymnastique\/mini-tramps\/minitramp-modele-zgz#primaryimage\",\"url\":\"https:\/\/www.lausinyvicente.com\/wp-content\/uploads\/2022\/12\/G.25.080-minitramp-modelo-zgz.jpg\",\"contentUrl\":\"https:\/\/www.lausinyvicente.com\/wp-content\/uploads\/2022\/12\/G.25.080-minitramp-modelo-zgz.jpg\",\"width\":720,\"height\":490},{\"@type\":\"BreadcrumbList\",\"@id\":\"https:\/\/www.lausinyvicente.com\/fr\/equipement-gymnastique\/mini-tramps\/minitramp-modele-zgz#breadcrumb\",\"itemListElement\":[{\"@type\":\"ListItem\",\"position\":1,\"name\":\"Portada\",\"item\":\"https:\/\/www.lausinyvicente.com\/\"},{\"@type\":\"ListItem\",\"position\":2,\"name\":\"Boutique\",\"item\":\"https:\/\/www.lausinyvicente.com\/fr\/boutique\"},{\"@type\":\"ListItem\",\"position\":3,\"name\":\"Minitramp mod\u00e8le \u201cZGZ\u201d\"}]},{\"@type\":\"WebSite\",\"@id\":\"https:\/\/www.lausinyvicente.com\/#website\",\"url\":\"https:\/\/www.lausinyvicente.com\/\",\"name\":\"Laus\u00edn y Vicente\",\"description\":\"Fabricaci\u00f3n y distribuci\u00f3n de material deportivo\",\"potentialAction\":[{\"@type\":\"SearchAction\",\"target\":{\"@type\":\"EntryPoint\",\"urlTemplate\":\"https:\/\/www.lausinyvicente.com\/?s={search_term_string}\"},\"query-input\":{\"@type\":\"PropertyValueSpecification\",\"valueRequired\":true,\"valueName\":\"search_term_string\"}}],\"inLanguage\":\"fr-FR\"}]}<\/script>\n<!-- \/ Yoast SEO plugin. -->","yoast_head_json":{"title":"Minitramp mod\u00e8le \u201cZGZ\u201d - Laus\u00edn y Vicente","robots":{"index":"index","follow":"follow","max-snippet":"max-snippet:-1","max-image-preview":"max-image-preview:large","max-video-preview":"max-video-preview:-1"},"canonical":"https:\/\/www.lausinyvicente.com\/fr\/equipement-gymnastique\/mini-tramps\/minitramp-modele-zgz","og_locale":"fr_FR","og_type":"article","og_title":"Minitramp mod\u00e8le \u201cZGZ\u201d - Laus\u00edn y Vicente","og_description":"Fabriqu\u00e9 selon normes europ\u00e9ennes EN 13219. Structure m\u00e9tallique galvanis\u00e9e \u00e0 froid form\u00e9e para cadre carr\u00e9 et pattes en tube rond de 32mm de diam\u00e8tre et 2,00 mm d\u2019\u00e9paisseur. Les pattes sont pourvues d\u2019appui antid\u00e9rapant et syst\u00e8me t\u00e9lescopique pour le r\u00e9glage en hauteur, gr\u00e2ce un vis Allen. (Cl\u00e9 Allen fournie).Toile en nylon de 60x60 cm avec anneaux m\u00e9talliques pour la fixation des sandows de 11 mm ou ressort. Protecteur fabriqu\u00e9 en mousse recouverte de toile plastifi\u00e9e bleue avec sandows de 6mm pour fixation de la toile centrale. Dimensions: 112 x 112 cm.","og_url":"https:\/\/www.lausinyvicente.com\/fr\/equipement-gymnastique\/mini-tramps\/minitramp-modele-zgz","og_site_name":"Laus\u00edn y Vicente","og_image":[{"width":720,"height":490,"url":"https:\/\/www.lausinyvicente.com\/wp-content\/uploads\/2022\/12\/G.25.080-minitramp-modelo-zgz.jpg","type":"image\/jpeg"}],"twitter_card":"summary_large_image","schema":{"@context":"https:\/\/schema.org","@graph":[{"@type":"WebPage","@id":"https:\/\/www.lausinyvicente.com\/fr\/equipement-gymnastique\/mini-tramps\/minitramp-modele-zgz","url":"https:\/\/www.lausinyvicente.com\/fr\/equipement-gymnastique\/mini-tramps\/minitramp-modele-zgz","name":"Minitramp mod\u00e8le \u201cZGZ\u201d - Laus\u00edn y Vicente","isPartOf":{"@id":"https:\/\/www.lausinyvicente.com\/#website"},"primaryImageOfPage":{"@id":"https:\/\/www.lausinyvicente.com\/fr\/equipement-gymnastique\/mini-tramps\/minitramp-modele-zgz#primaryimage"},"image":{"@id":"https:\/\/www.lausinyvicente.com\/fr\/equipement-gymnastique\/mini-tramps\/minitramp-modele-zgz#primaryimage"},"thumbnailUrl":"https:\/\/www.lausinyvicente.com\/wp-content\/uploads\/2022\/12\/G.25.080-minitramp-modelo-zgz.jpg","datePublished":"2022-12-10T13:21:19+00:00","breadcrumb":{"@id":"https:\/\/www.lausinyvicente.com\/fr\/equipement-gymnastique\/mini-tramps\/minitramp-modele-zgz#breadcrumb"},"inLanguage":"fr-FR","potentialAction":[{"@type":"ReadAction","target":["https:\/\/www.lausinyvicente.com\/fr\/equipement-gymnastique\/mini-tramps\/minitramp-modele-zgz"]}]},{"@type":"ImageObject","inLanguage":"fr-FR","@id":"https:\/\/www.lausinyvicente.com\/fr\/equipement-gymnastique\/mini-tramps\/minitramp-modele-zgz#primaryimage","url":"https:\/\/www.lausinyvicente.com\/wp-content\/uploads\/2022\/12\/G.25.080-minitramp-modelo-zgz.jpg","contentUrl":"https:\/\/www.lausinyvicente.com\/wp-content\/uploads\/2022\/12\/G.25.080-minitramp-modelo-zgz.jpg","width":720,"height":490},{"@type":"BreadcrumbList","@id":"https:\/\/www.lausinyvicente.com\/fr\/equipement-gymnastique\/mini-tramps\/minitramp-modele-zgz#breadcrumb","itemListElement":[{"@type":"ListItem","position":1,"name":"Portada","item":"https:\/\/www.lausinyvicente.com\/"},{"@type":"ListItem","position":2,"name":"Boutique","item":"https:\/\/www.lausinyvicente.com\/fr\/boutique"},{"@type":"ListItem","position":3,"name":"Minitramp mod\u00e8le \u201cZGZ\u201d"}]},{"@type":"WebSite","@id":"https:\/\/www.lausinyvicente.com\/#website","url":"https:\/\/www.lausinyvicente.com\/","name":"Laus\u00edn y Vicente","description":"Fabricaci\u00f3n y distribuci\u00f3n de material deportivo","potentialAction":[{"@type":"SearchAction","target":{"@type":"EntryPoint","urlTemplate":"https:\/\/www.lausinyvicente.com\/?s={search_term_string}"},"query-input":{"@type":"PropertyValueSpecification","valueRequired":true,"valueName":"search_term_string"}}],"inLanguage":"fr-FR"}]}},"_links":{"self":[{"href":"https:\/\/www.lausinyvicente.com\/fr\/wp-json\/wp\/v2\/product\/3621","targetHints":{"allow":["GET"]}}],"collection":[{"href":"https:\/\/www.lausinyvicente.com\/fr\/wp-json\/wp\/v2\/product"}],"about":[{"href":"https:\/\/www.lausinyvicente.com\/fr\/wp-json\/wp\/v2\/types\/product"}],"wp:featuredmedia":[{"embeddable":true,"href":"https:\/\/www.lausinyvicente.com\/fr\/wp-json\/wp\/v2\/media\/2860"}],"wp:attachment":[{"href":"https:\/\/www.lausinyvicente.com\/fr\/wp-json\/wp\/v2\/media?parent=3621"}],"wp:term":[{"taxonomy":"product_cat","embeddable":true,"href":"https:\/\/www.lausinyvicente.com\/fr\/wp-json\/wp\/v2\/product_cat?post=3621"},{"taxonomy":"product_tag","embeddable":true,"href":"https:\/\/www.lausinyvicente.com\/fr\/wp-json\/wp\/v2\/product_tag?post=3621"}],"curies":[{"name":"wp","href":"https:\/\/api.w.org\/{rel}","templated":true}]}}

https://www.lausinyvicente.com/non classé/minitramp-modele-zgz/

Minitramp modèle “ZGZ”

<p>Fabriqué selon normes européennes EN 13219. Structure métallique galvanisée à froid formée para cadre carré et pattes en tube rond de 32mm de diamètre et 2,00 mm d’épaisseur. Les pattes sont pourvues d’appui antidérapant et système télescopique pour le réglage en hauteur, grâce un vis Allen. (Clé Allen fournie).Toile en nylon de 60&#215;60 cm avec anneaux métalliques pour la fixation des sandows de 11 mm ou ressort. Protecteur fabriqué en mousse recouverte de toile plastifiée bleue avec sandows de 6mm pour fixation de la toile centrale. Dimensions: 112 x 112 cm.     </p>

<!-- This site is optimized with the Yoast SEO plugin v27.0 - https://yoast.com/product/yoast-seo-wordpress/ -->
<title>Minitramp modèle “ZGZ” - Lausín y Vicente</title>
<meta name="robots" content="index, follow, max-snippet:-1, max-image-preview:large, max-video-preview:-1" />
<link rel="canonical" href="https://www.lausinyvicente.com/fr/equipement-gymnastique/mini-tramps/minitramp-modele-zgz" />
<meta property="og:locale" content="fr_FR" />
<meta property="og:type" content="article" />
<meta property="og:title" content="Minitramp modèle “ZGZ” - Lausín y Vicente" />
<meta property="og:description" content="Fabriqué selon normes européennes EN 13219. Structure métallique galvanisée à froid formée para cadre carré et pattes en tube rond de 32mm de diamètre et 2,00 mm d’épaisseur. Les pattes sont pourvues d’appui antidérapant et système télescopique pour le réglage en hauteur, grâce un vis Allen. (Clé Allen fournie).Toile en nylon de 60x60 cm avec anneaux métalliques pour la fixation des sandows de 11 mm ou ressort. Protecteur fabriqué en mousse recouverte de toile plastifiée bleue avec sandows de 6mm pour fixation de la toile centrale. Dimensions: 112 x 112 cm." />
<meta property="og:url" content="https://www.lausinyvicente.com/fr/equipement-gymnastique/mini-tramps/minitramp-modele-zgz" />
<meta property="og:site_name" content="Lausín y Vicente" />
<meta property="og:image" content="https://www.lausinyvicente.com/wp-content/uploads/2022/12/G.25.080-minitramp-modelo-zgz.jpg" />
	<meta property="og:image:width" content="720" />
	<meta property="og:image:height" content="490" />
	<meta property="og:image:type" content="image/jpeg" />
<meta name="twitter:card" content="summary_large_image" />
<script type="application/ld+json" class="yoast-schema-graph">{"@context":"https://schema.org","@graph":[{"@type":"WebPage","@id":"https://www.lausinyvicente.com/fr/equipement-gymnastique/mini-tramps/minitramp-modele-zgz","url":"https://www.lausinyvicente.com/fr/equipement-gymnastique/mini-tramps/minitramp-modele-zgz","name":"Minitramp modèle “ZGZ” - Lausín y Vicente","isPartOf":{"@id":"https://www.lausinyvicente.com/#website"},"primaryImageOfPage":{"@id":"https://www.lausinyvicente.com/fr/equipement-gymnastique/mini-tramps/minitramp-modele-zgz#primaryimage"},"image":{"@id":"https://www.lausinyvicente.com/fr/equipement-gymnastique/mini-tramps/minitramp-modele-zgz#primaryimage"},"thumbnailUrl":"https://www.lausinyvicente.com/wp-content/uploads/2022/12/G.25.080-minitramp-modelo-zgz.jpg","datePublished":"2022-12-10T13:21:19+00:00","breadcrumb":{"@id":"https://www.lausinyvicente.com/fr/equipement-gymnastique/mini-tramps/minitramp-modele-zgz#breadcrumb"},"inLanguage":"fr-FR","potentialAction":[{"@type":"ReadAction","target":["https://www.lausinyvicente.com/fr/equipement-gymnastique/mini-tramps/minitramp-modele-zgz"]}]},{"@type":"ImageObject","inLanguage":"fr-FR","@id":"https://www.lausinyvicente.com/fr/equipement-gymnastique/mini-tramps/minitramp-modele-zgz#primaryimage","url":"https://www.lausinyvicente.com/wp-content/uploads/2022/12/G.25.080-minitramp-modelo-zgz.jpg","contentUrl":"https://www.lausinyvicente.com/wp-content/uploads/2022/12/G.25.080-minitramp-modelo-zgz.jpg","width":720,"height":490},{"@type":"BreadcrumbList","@id":"https://www.lausinyvicente.com/fr/equipement-gymnastique/mini-tramps/minitramp-modele-zgz#breadcrumb","itemListElement":[{"@type":"ListItem","position":1,"name":"Portada","item":"https://www.lausinyvicente.com/"},{"@type":"ListItem","position":2,"name":"Boutique","item":"https://www.lausinyvicente.com/fr/boutique"},{"@type":"ListItem","position":3,"name":"Minitramp modèle “ZGZ”"}]},{"@type":"WebSite","@id":"https://www.lausinyvicente.com/#website","url":"https://www.lausinyvicente.com/","name":"Lausín y Vicente","description":"Fabricación y distribución de material deportivo","potentialAction":[{"@type":"SearchAction","target":{"@type":"EntryPoint","urlTemplate":"https://www.lausinyvicente.com/?s={search_term_string}"},"query-input":{"@type":"PropertyValueSpecification","valueRequired":true,"valueName":"search_term_string"}}],"inLanguage":"fr-FR"}]}</script>
<!-- / Yoast SEO plugin. -->

Minitramp modèle “ZGZ” - Lausín y Vicente

Fabriqué selon normes européennes EN 13219. Structure métallique galvanisée à froid formée para cadre carré et pattes en tube rond de 32mm de diamètre et 2,00 mm d’épaisseur. Les pattes sont pourvues d’appui antidérapant et système télescopique pour le réglage en hauteur, grâce un vis Allen. (Clé Allen fournie).Toile en nylon de 60x60 cm avec anneaux métalliques pour la fixation des sandows de 11 mm ou ressort. Protecteur fabriqué en mousse recouverte de toile plastifiée bleue avec sandows de 6mm pour fixation de la toile centrale. Dimensions: 112 x 112 cm.

Lausín y Vicente

Fabricación y distribución de material deportivo
